s divided by 6?
5
What is the remainder when 3976 is divided by 3?
1
Calculate the remainder when 195803 is divided by 32.
27
Calculate the remainder when 3479 is divided by 282.
95
Calculate the remainder when 39997 is divided by 54.
37
Calculate the remainder when 1392 is divided by 277.
7
Calculate the remainder when 1077 is divided by 17.
6
What is the remainder when 2121 is divided by 766?
589
Calculate the remainder when 174499 is divided by 19388.
7
What is the remainder when 146187 is divided by 30?
27
What is the remainder when 370309 is divided by 2664?
13
Calculate the remainder when 3326 is divided by 72.
14
What is the remainder when 1423096 is divided by 76?
72
Calculate the remainder when 10522 is divided by 32.
26
Calculate the remainder when 26313 is divided by 16.
9
Calculate the remainder when 261308 is divided by 153.
137
What is the remainder when 137771 is divided by 259?
242
What is the remainder when 7612 is divided by 18?
16
Calculate the remainder when 19864 is divided by 301.
299
Calculate the remainder when 2654 is divided by 239.
25
What is the remainder when 18168 is divided by 298?
288
Calculate the remainder when 24286 is divided by 102.
10
Calculate the remainder when 195432 is divided by 215.
212
Calculate the remainder when 8293 is divided by 2763.
4
What is the remainder when 896 is divided by 184?
160
Calculate the remainder when 28052 is divided by 262.
18
Calculate the remainder when 110143 is divided by 140.
103
Calculate the remainder when 947 is divided by 472.
3
Calculate the remainder when 12922 is divided by 7.
0
What is the remainder when 78746 is divided by 35?
31
What is the remainder when 15631 is divided by 1953?
7
Calculate the remainder when 148794 is divided by 33.
30
What is the remainder when 29751 is divided by 2461?
219
Calculate the remainder when 13041 is divided by 229.
217
Calculate the remainder when 4037 is divided by 781.
132
What is the remainder when 6157 is divided by 682?
19
What is the remainder when 13799 is divided by 39?
32
Calculate the remainder when 8865 is divided by 732.
81
Calculate the remainder when 9446 is divided by 278.
272
What is the remainder when 1732301 is divided by 19?
14
What is the remainder when 2347 is divided by 585?
7
Calculate the remainder when 337 is divided by 132.
73
Calculate the remainder when 6839 is divided by 129.
2
Calculate the remainder when 2236263 is divided by 2634.
2631
Calculate the remainder when 2416183 is divided by 4.
3
What is the remainder when 499766 is divided by 23?
22
Calculate the remainder when 1652 is divided by 1299.
353
Calculate the remainder when 8640 is divided by 434.
394
Calculate the remainder when 185241 is divided by 185233.
8
Calculate the remainder when 93797 is divided by 957.
11
What is the remainder when 231 is divided by 37?
9
Calculate the remainder when 5835 is divided by 2911.
13
What is the remainder when 7786 is divided by 243?
10
What is the remainder when 946052 is divided by 5?
2
Calculate the remainder when 3406 is divided by 487.
484
What is the remainder when 11593 is divided by 1652?
29
What is the remainder when 180801 is divided by 228?
225
Calculate the remainder when 871046 is divided by 421.
418
Calculate the remainder when 37915 is divided by 20.
15
Calculate the remainder when 1525 is divided by 292.
65
What is the remainder when 13280 is divided by 1002?
254
What is the remainder when 553952 is divided by 402?
398
Calculate the remainder when 320253 is divided by 144.
141
What is the remainder when 1152 is divided by 128?
0
What is the remainder when 362 is divided by 168?
26
Calculate the remainder when 68959 is divided by 45.
19
What is the remainder when 133788 is divided by 58?
40
What is the remainder when 2723 is divided by 535?
48
What is the remainder when 326 is divided by 124?
78
Calculate the remainder when 604174 is divided by 82.
80
Calculate the remainder when 1003 is divided by 196.
23
What is the remainder when 1482 is divided by 95?
57
Calculate the remainder when 12762 is divided by 5777.
1208
Calculate the remainder when 21547 is divided by 122.
75
What is the remainder when 84637 is divided by 84629?
8
What is the remainder when 12488 is divided by 891?
14
Calculate the remainder when 8316 is divided by 34.
20
What is the remainder when 7907 is divided by 184?
179
What is the remainder when 6082 is divided by 940?
442
Calculate the remainder when 270377 is divided by 135179.
19
What is the remainder when 23661 is divided by 401?
2
What is the remainder when 293861 is divided by 632?
613
Calculate the remainder when 83360 is divided by 128.
32
Calculate the remainder when 303226 is divided by 368.
362
Calculate the remainder when 14091 is divided by 830.
811
Calculate the remainder when 38649 is divided by 5517.
30
Calculate the remainder when 2230 is divided by 902.
426
What is the remainder when 528663 is divided by 49?
2
What is the remainder when 8697 is divided by 50?
47
Calculate the remainder when 674 is divided by 18.
8
Calculate the remainder when 63649 is divided by 1601.
1210
What is the remainder when 476570 is divided by 107?
99
What is the remainder when 9731 is divided by 12?
11
Calculate the remainder when 9383 is divided by 60.
23
What is the remainder when 75685 is divided by 37837?
11
Calculate the remainder when 3827 is divided by 9.
2
Calculate the remainder when 2356538 is divided by 116.
114
Calculate the remainder when 1058 is divided by 391.
276
What is the remainder when 155871 is divided by 90?
81
Calculate the remainder when 3313 is divided by 1287.
739
What is the remainder when 35864 is divided by 85?
79
Calculate the remainder when 61089 is divided by 12213.
24
Calculate the remainder when 6716 is divided by 122.
6
What is the remainder when 423357 is divided by 54?
51
Calculate the remainder when 111290 is divided by 535.
10
What is the remainder when 42248 is divided by 232?
24
Calculate the remainder when 6983 is divided by 6.
5
What is the remainder when 616177 is divided by 285?
7
Calculate the remainder when 171889 is divided by 79.
64
What is the remainder when 44219 is divided by 132?
131
Calculate the remainder when 45298 is divided by 50.
48
What is the remainder when 98770 is divided by 721?
714
Calculate the remainder when 582803 is divided by 133.
130
What is the remainder when 985 is divided by 75?
10
Calculate the remainder when 51413 is divided by 1.
0
Calculate the remainder when 31220 is divided by 1156.
8
What is the remainder when 516504 is divided by 101?
91
Calculate the remainder when 2203 is divided by 94.
41
Calculate the remainder when 249983 is divided by 93.
92
What is the remainder when 223059 is divided by 141?
138
Calculate the remainder when 18582930 is divided by 79.
76
Calculate the remainder when 25170 is divided by 740.
10
Calculate the remainder when 30061 is divided by 235.
216
Calculate the remainder when 86447 is divided by 319.
317
Calculate the remainder when 4826005 is divided by 9.
7
What is the remainder when 2211311 is divided by 810?
11
Calculate the remainder when 7394 is divided by 86.
84
What is the remainder when 4084 is divided by 1240?
364
Calculate the remainder when 4178 is divided by 38.
36
Calculate the remainder when 5497 is divided by 2308.
881
What is the remainder when 3535 is divided by 33?
4
What is the remainder when 1714 is divided by 544?
82
What is the remainder when 26349 is divided by 5267?
14
What is the remainder when 8087 is divided by 427?
401
What is the remainder when 286950 is divided by 17?
7
What is the remainder when 528038 is divided by 3592?
14
What is the remainder when 6606 is divided by 60?
6
What is the remainder when 1339 is divided by 391?
166
What is the remainder when 456 is divided by 65?
1
What is the remainder when 5639 is divided by 5625?
14
Calculate the remainder when 2945 is divided by 29.
16
Calculate the remainder when 153260 is divided by 38315.
0
What is the remainder when 9612 is divided by 324?
216
What is the remainder when 57411 is divided by 727?
705
Calculate the remainder when 148692 is divided by 148690.
2
Calculate the remainder when 143260 is divided by 36.
16
Calculate the remainder when 42693 is divided by 8.
5
What is 